ose -4*j = -4*h + 192, -a*j = 4*h + h - 247. What is the remainder when 94 is divided by h?
45
Suppose 5*h + 3*s + 27 = 16, -5*s - 27 = 4*h. Calculate the remainder when 1045 is divided by h.
1
Let j be 48/18 + -4 - (-30)/9. Suppose -72 = -j*y + 192. Calculate the remainder when y is divided by 27.
24
Let q = -154 + 162. Calculate the remainder when -51*4/q*-2 is divided by 16.
3
Let r be 24/20 + -1 + 19/5. Suppose -122 = -3*p - r*g, 5*g + 13 - 99 = -2*p. Calculate the remainder when p is divided by 5.
3
Suppose -2*r + 248 = y, -3*y + 744 = -961*r + 960*r. Calculate the remainder when 844 is divided by y.
100
Let d(l) = 2*l**2 - 2*l + 11. Let t be d(6). Suppose t = -3*c - 61. Let v = -35 - c. Calculate the remainder when 62 is divided by v.
8
Let q(v) = -v**2 + 28*v + 7. Let u be q(30). Let o = -20 - u. What is the remainder when 160 is divided by o?
28
Let v be 2/(5 + -4) - -200. Suppose 0 = -44*c + 42*c + v. Suppose c*i = 106*i - 335. Calculate the remainder when i is divided by 18.
13
Let u be (10/(-7))/((-3)/21). Suppose 4*b - 24 = -0*b. Suppose u = 11*k - b*k. Calculate the remainder when 17 is divided by k.
1
Let p(x) = -1649*x - 1649*x + 3301*x + 190. Calculate the remainder when p(-39) is divided by 10.
3
Let s = -204 - -223. Let j = 100 - 56. Suppose 5*t + p - j = -3*p, -72 = -5*t + 3*p. What is the remainder when s is divided by t?
7
Let l = 1290 + -1265. Suppose 0 = -5*k + 26 + 39. What is the remainder when l is divided by k?
12
Calculate the remainder when 669 is divided by -7*96/(-84) - (2 - (-1 + -3)).
1
What is the remainder when 1427 is divided by (260/(-48)*2)/((-40)/240)?
62
Let o(a) = -a**3 - 99*a**2 - 196*a - 182. What is the remainder when 65 is divided by o(-97)?
5
Let s(j) = -j - 3 + 4 - 36*j**2 + 3*j**3 + 34*j**2. Let n(o) = o**2 - 17*o - 12. What is the remainder when s(2) is divided by n(18)?
3
Let c(h) = -26*h**3 - 18*h**2 + 12*h + 52. What is the remainder when c(-6) is divided by 49?
48
Let a be (5 + 24/(-9))/(2/12). What is the remainder when (-474)/(-2)*(-3)/(-9) is divided by 2/a*20*(12 - 5)?
19
Let m = 20464 + -18177. Calculate the remainder when m is divided by 51.
43
Suppose 3*x - 6*x + k + 11 = 0, x + 5 = -4*k. Suppose x*o - 43 = -g + 177, 5*g - 1136 = -3*o. Calculate the remainder when g is divided by 58.
55
Let p(d) = 12*d - 2. Suppose -650 = -917*u - 968*u + 1835*u. Calculate the remainder when p(3) is divided by u.
8
Let q(m) = 2*m**2 - 26*m - 17. What is the remainder when q(-8) is divided by 108?
103
Let n be (-1 + 6)*(16/10 + -2). Let s be (((-3)/n)/(-1))/((-9)/96). What is the remainder when 236/s - 3/(-12)*-3 is divided by 11?
3
Suppose 2*t - i - 121 = 0, -3*t - 3*i + 131 = -73. Suppose 802*z + 272*z - 10480 = -236*z. Calculate the remainder when t is divided by z.
7
Suppose -2*i + 11*i - i = 3392. Calculate the remainder when 432 is divided by i.
8
Let c(q) = -q**3 + 33*q**2 + 10*q + 850. Suppose 6*o - 3*o - 1929 = 0. What is the remainder when o is divided by c(34)?
31
Let q = -109 - -119. Let k(r) = -6*r + 60. Let s be k(q). Suppose s = 2*d - d - 3. Calculate the remainder when 25 is divided by d.
1
Suppose 0 = -2*b + 4 + 4, 0 = -2*u + 2*b - 4. Let d be u + 4 + -3 + 4. Suppose -20 = 6*j - d*j. What is the remainder when 56 is divided by j?
16
Let g = 5500 + -5343. What is the remainder when g is divided by 8?
5
Let c = -1641 - -979. Let g = 702 + c. What is the remainder when 74 is divided by g?
34
Let n(c) = -135*c + 2720. Calculate the remainder when 2316 is divided by n(20).
16
Let g(q) be the second derivative of -q**4/4 - 17*q**3/2 - 12*q**2 - 309*q. Calculate the remainder when 46 is divided by g(-16).
22
Let y(x) = -x**2 - 6*x - 2. Let l be y(-6). Let i(p) = 10*p**2 + 6*p + 6. Let t = -14 + 17. Calculate the remainder when i(l) is divided by t.
1
Let d(v) = 12*v**2 - 5. Let o(h) = 23*h - 32. What is the remainder when d(5) is divided by o(3)?
36
Let y(t) = -5*t**3 - 154*t**2 + 14*t - 101. What is the remainder when y(-31) is divided by 8?
2
Let f = -82 + 103. Suppose -5*y - 2*y = -f. What is the remainder when 160 is divided by y?
1
Let u = -121 - 131. Let a be ((-2)/6)/(6 + 1519/u). Suppose -59 = -a*j + 433. Calculate the remainder when j is divided by 21.
20
Suppose -3*b = -26*t + 838, -19*t - 86 = -22*t - 5*b. Let m(r) = 16*r**2 + 1. Calculate the remainder when t is divided by m(1).
15
What is the remainder when 235 is divided by (5 - (-935)/10) + -7*(-5)/70?
37
Let x(a) = 6*a**2 + 96*a + 3895. What is the remainder when x(-40) is divided by 17?
16
Let p = 10295 - 10202. Calculate the remainder when 250 is divided by p.
64
Let v be 4 - (1 + 3) - -53. Suppose v = 5*p - 12. What is the remainder when 2 + 44 + 35/7 is divided by p?
12
Suppose -s = -4*n - 21, 82*n - 87*n - 5*s + 5 = 0. Let l(p) = 9*p**2 - 5*p - 29. What is the remainder when l(n) is divided by 29?
19
Suppose k = 160 - 44. Let y = k - 19. Suppose -c + 21 = -2*n, 2*c + 2*n - 38 = 16. Calculate the remainder when y is divided by c.
22
Let h(j) = -423*j - 5262. What is the remainder when h(-13) is divided by 15?
12
Let n = 66 + -56. Calculate the remainder when 62 is divided by (-8*5/(-50))/(1/n).
6
Let l(a) = 136*a - 9865. Suppose -4 = 2*t, 3*t = -k + 5*t + 84. Suppose -d - 4*v + 3 = -3, 4*d = -2*v + k. Calculate the remainder when l(73) is divided by d.
19
Calculate the remainder when 668/10*120/48 is divided by (24/16)/(3/26).
11
Let p = 25 + 118. Suppose x - 41 = -2*r - 2*r, -2*r - 146 = -4*x. What is the remainder when p is divided by x?
32
Suppose -4*o - 19 = 81. Let j = o - -47. Let y = 211 + -126. What is the remainder when y is divided by j?
19
Let p = 5 - 1. Suppose 2*l + p*t - 32 = 0, -3*l + 5*t - 13 + 50 = 0. Let b(y) = 5*y + 46. Calculate the remainder when l is divided by b(-8).
2
Let t(s) = -4*s - 18. Let g be t(2). What is the remainder when 34 is divided by g/(-4) + 5/(-2) + 3?
6
Suppose -51 = -2*r + o, 0 = 5*r + 5*o - 9*o - 135. Let v(m) = m**3 - 24*m**2 + 35*m - 124. Calculate the remainder when v(r) is divided by 62.
28
Let d = 13 - 11. Suppose -d*t = t - 228. Let x = 316 + -296. Calculate the remainder when t is divided by x.
16
Let m be (40/50)/(-1 + (-21)/(-15)). Suppose 2*o + 3*j = 2*j + 5, 0 = 2*o + 2*j - m. What is the remainder when 22 is divided by o?
2
Let a(p) = 84*p**2 - 126*p. What is the remainder when a(3) is divided by 112?
42
Let a(p) = p**3 + p**2 - p + 172. Let r be a(0). Suppose -r = 161*q - 165*q. Calculate the remainder when q is divided by 22.
21
Let h = 218 + -126. Let w = h - 85. What is the remainder when 17 is divided by w?
3
Suppose -4*i - 20 = 0, i + 5 = m + m. Suppose m = 5*o + 120 - 550. Suppose -81*x + 55*x = -572. What is the remainder when o is divided by x?
20
Let v be (-30)/255 - 140/(-34). Suppose -2*y = -4*w + 2*w - 114, 5*y - 284 = v*w. Let a(k) = 38*k - 4. What is the remainder when a(3) is divided by y?
54
Let a be ((-2)/(-4))/((-1)/(-6)). Suppose -5*s + 69 = m + m, -s = -a*m - 24. Calculate the remainder when (-3 - 0)/6*-58 is divided by s.
14
Let c(m) = m - 5. Let a be c(7). Let r be 6 + 4/(-1) + a. What is the remainder when 23 is divided by r + 4 - (-8)/2?
11
Let o = -40295 - -44068. What is the remainder when o is divided by 64?
61
Let n(y) = 3*y**2 + 74*y + 154. What is the remainder when n(-24) is divided by 61?
45
Let n(v) = -20*v - 5 + 4 + 16. Calculate the remainder when n(-5) is divided by 13.
11
Suppose 2*x - 1516 = 22*q - 17*q, 10*x - 5*q = 7660. Calculate the remainder when x is divided by 105.
33
Suppose -77*u - 4218 = -10*c - 75*u, 0 = 5*c - 3*u - 2107. Calculate the remainder when 425 is divided by c.
3
Let c = -1359 + 859. Let x = -337 - c. What is the remainder when x is divided by 82?
81
Suppose 110 = -5*z + 5*r + 275, -75 = -3*z - 3*r. What is the remainder when 6545 is divided by z?
20
Let n = 538 + -1119. Let v = 604 + n. What is the remainder when 895 is divided by v?
21
Let v = 209 - 178. Let l = v - 18. Calculate the remainder when 115 is divided by l.
11
Let p(b) = 28*b - 160. Let h be p(7). Let j(g) = -3*g + 6. Let y be j(-5). Calculate the remainder when ((-1)/(4/h))/((-1)/y) is divided by 32.
29
Suppose k = 4*i - 17, 0 = -3*k - 3*i + 12 + 12. Let b = -648 - -648. What is the remainder when (0 + b)/k - -32 is divided by 11?
10
Suppos